= a + 6. Let z = -6 - 0. Let v be m(z). Suppose r - 3*c = v, 0 = 4*c - 1 - 7. What are the prime factors of r?
2, 3
Let q = 10 - 6. Suppose 24 = q*y - 2*y. List the prime factors of y.
2, 3
Let c(l) be the first derivative of l**2/2 + 7*l - 3. What are the prime factors of c(6)?
13
Let o(q) = -5*q. Let c = -17 + 13. What are the prime factors of o(c)?
2, 5
Let w = -12 - -22. List the prime factors of w.
2, 5
Let v = -11 - -21. Let c = v + -6. What are the prime factors of (-332)/(-20) - c/(-10)?
17
Let w = 110 - 59. List the prime factors of w.
3, 17
What are the prime factors of 54 + ((-65)/39 - (-2)/(-6))?
2, 13
Let r(v) = v**2 - 7*v - 4. Let a be r(6). What are the prime factors of (36/(-15) + 2)*a?
2
What are the prime factors of 3/(6/(-4))*-3?
2, 3
Suppose -s - 4*y + 19 = -0*s, 2*s = y + 2. Suppose 3*q = -3*t + 18, -2*t - q + 16 = t. Suppose u - t = s. List the prime factors of u.
2
Suppose -14 = 3*a + 4*y, 3*y = a - 0*y - 17. Suppose -39 = 5*u + t, -2*t = a*u + u + 22. What are the prime factors of (-200)/(-32) - (-2)/u?
2, 3
Let k = 73 + 105. What are the prime factors of k?
2, 89
Let v(c) = 31*c**2 + 3. List the prime factors of v(2).
127
Suppose 142 + 230 = 3*n. List the prime factors of n.
2, 31
Let b(t) = -t**3 - 4*t**2 + 2*t - 1. Let r be b(-4). Let k = r + 10. Let h = 4 + k. List the prime factors of h.
5
Let p = 5 + 0. Let r = p - -6. List the prime factors of r.
11
Suppose -11 - 7 = 2*g. Let s(a) be the third derivative of -a**4/24 + a**3/2 - 2*a**2. What are the prime factors of s(g)?
2, 3
Suppose j + 5 = 2*j. Let p = 109 + -75. Suppose -j*y + p = -1. List the prime factors of y.
7
Let u(n) = 12*n**2 - 4*n + 3. Let b = 2 + 0. Let y be u(b). Let m = 61 - y. What are the prime factors of m?
2, 3
Let f(q) = q**3 + 10*q**2 + 8*q - 2. List the prime factors of f(-9).
7
Suppose 0 = -20*a + 25*a - 575. What are the prime factors of a?
5, 23
Let z(g) = g - 4. Let h = -4 + -1. Let t(r) = 3. Let l(s) = h*t(s) - 4*z(s). List the prime factors of l(-2).
3
Let b = 13 + -13. Suppose -4*t + 83 = 5*z, b = -t + z - 0*z + 14. What are the prime factors of t?
17
Let v be 0/(3/(-1) - -5). Suppose v = -3*s - 5*q + 95, -161 = -4*s - 4*q - 37. List the prime factors of s.
2, 3, 5
Suppose -6 = -2*q, -5*c + 4*q + 28 = -5. Suppose 2*h = 3 + c. List the prime factors of h.
2, 3
Let g be 10/2*64/20. Suppose 2*w + i = -16, -4*i + 0*i - 10 = 2*w. Let k = g + w. What are the prime factors of k?
7
What are the prime factors of 52 - (-6 + 4) - -4?
2, 29
Suppose 2*r - 3 = -5. Let b be (-2)/(-5)*(7 - -3). Let s = r + b. What are the prime factors of s?
3
Let h be (8/2)/(6/54). Suppose -4*t + h + 4 = 0. List the prime factors of t.
2, 5
Let v(r) = r**3 - 2*r**2 + r. Let o be v(3). Let b = -6 + o. List the prime factors of b.
2, 3
Let f be (-10)/15 - (-26)/3. List the prime factors of (-1)/f - 98/(-16).
2, 3
Let u = 57 - 25. List the prime factors of u.
2
Suppose 4*v + 2 = 218. What are the prime factors of v?
2, 3
Suppose 0 = -0*h + h - 20. What are the prime factors of h?
2, 5
Let x be (9/(-6))/((-6)/(-56)). Let k = x + 24. List the prime factors of k.
2, 5
Suppose 100 = 2*o + 3*o. Suppose -o = -w - w. Let x = w + 4. What are the prime factors of x?
2, 7
Suppose -4*i + 0 = -l + 1, 0 = -5*l + 3*i + 5. Let r(p) = 12*p - 1. Let t be r(l). Suppose 3*s - 4*s + t = 0. What are the prime factors of s?
11
Suppose -4*t + 5 = -n, 4*n + 20 = 4*t + t. What are the prime factors of -3 + 10 + t + 0?
7
Suppose 0*t + 2*t = -8. Let q = t - 0. Let z = 9 + q. What are the prime factors of z?
5
Let g = -9 + 6. Let o = g + 5. Suppose o*b + 8 = 3*i, -3*i + b = -5*i + 3. What are the prime factors of i?
2
List the prime factors of 2/(-5) + (-5)/(25/(-137)).
3
Suppose 8*m - 936 = -m. What are the prime factors of m?
2, 13
Let q = 15 - -8. What are the prime factors of q + 6/(-3) + 2?
23
Let b = -156 - -372. List the prime factors of b.
2, 3
Suppose 0 = 5*v - 41 - 34. Suppose -4*x + v = x. Suppose 46 = 4*l - k - 1, -x*l + 36 = -k. What are the prime factors of l?
11
Suppose -3*n + 2*s = 7*s + 83, 4*s = -4. Let a = 37 + n. List the prime factors of a.
11
Suppose 0 = -3*c + 5*j - 63, -2*c - 2*j = -0*c + 26. Let i = c + 28. List the prime factors of i.
2, 3
Let t(k) = k + 5. What are the prime factors of t(3)?
2
Suppose -20 = -5*x + 3*a, 5*a + 2 = 4*x - 14. Suppose n - 82 = -4*n + x*k, -5*n + 96 = 3*k. What are the prime factors of n?
2, 3
Let x(w) = -2*w**3 + 1. Let p be x(1). Let q(m) = -5*m - 1. Let b be q(p). Suppose 6 = b*s - 22. What are the prime factors of s?
7
Let n(p) = p**3 + 4*p**2 - 4*p + 5. Let b be n(-4). What are the prime factors of b*(-5 - -2)/(-9)?
7
Suppose -12 + 60 = 3*x. Suppose b = -b + x. List the prime factors of b.
2
List the prime factors of ((-468)/(-126))/((-2)/(-14)).
2, 13
Let j(i) = -i**3 + 10*i**2 + 12*i + 16. What are the prime factors of j(11)?
3
Let b be (-1)/(-4) + 22/8. Let l be (4 - 4/2) + b. Suppose 3 = -v, 0 = -n - 2*v - 3*v - l. List the prime factors of n.
2, 5
Suppose 5*h = 4*h. Suppose -5*d = -j - j + 33, 2*j + 2*d + 2 = h. List the prime factors of j.
2
Suppose 0 = 4*m - 3*s - 3, -3*s = 5*m - 41 + 17. Suppose m*f - 87 = 3*p + 2*p, 3*p - 29 = -f. What are the prime factors of f?
29
Let t = 273 - -27. What are the prime factors of t?
2, 3, 5
Suppose -294 - 746 = -4*l. What are the prime factors of l?
2, 5, 13
Let t(x) = -x**2 + x + 3. Let y be t(0). List the prime factors of 4 - (y/3 - 0).
3
List the prime factors of ((-430)/(-40))/(1/4).
43
Suppose 0 = 2*r + 3*b + 2*b - 63, 5*r = b + 225. List the prime factors of r.
2, 11
Let v = 43 + -30. List the prime factors of v.
13
Suppose 0 = 2*u + 5 + 5. What are the prime factors of 657/45 + (-2)/u?
3, 5
Suppose 1 = -5*b + 226. What are the prime factors of b?
3, 5
What are the prime factors of ((0 - 2)/2 - 1) + 300?
2, 149
Suppose 2*z + 0*o - 5*o + 18 = 0, 0 = -5*z - 3*o - 14. List the prime factors of 414/9 + z/1.
2, 3, 7
Let g = 27 - 6. Let d = g - 13. List the prime factors of d.
2
Let b(c) = c. Let a be b(5). Suppose u + a*h = 33, -2*h + 3 = h. List the prime factors of u.
2, 7
Let v = -359 - -508. List the prime factors of v.
149
Let a(g) = g - 2. Let v be a(4). Let h be (-7 + 11)*5/2. Suppose 3*t = -v*t + h. What are the prime factors of t?
2
Let z(u) = 32*u - 21. List the prime factors of z(4).
107
Let l(v) = 7*v**2 + 9. What are the prime factors of l(4)?
11
Suppose 0 = 4*h - 129 - 55. What are the prime factors of h?
2, 23
Let c(g) = 4*g - 4. Let p = 12 - 8. Let j be (-1)/3*-3*p. What are the prime factors of c(j)?
2, 3
Let r be -182*(6/4)/3. List the prime factors of -1*7*468/r.
2, 3
Let w = 88 - 57. Suppose -4*k - 65 = w. Let g = k + 41. What are the prime factors of g?
17
What are the prime factors of (2/(-4))/((-2)/316)?
79
Suppose 0 = 5*n - 48 + 8. List the prime factors of n.
2
Let r be -96 + 5/(5/2). List the prime factors of r/(-6) - (-4)/(-6).
3, 5
Suppose -3*m - 3*y = -2*m + 2, -y = m - 2. Suppose -m*c + 14 = -22. List the prime factors of c.
3
Suppose -3*o = 21 - 96. List the prime factors of o.
5
Suppose 5*k + 4*g = 290, -2*g - 83 = -2*k + 3*g. What are the prime factors of k?
2, 3
Let s = -250 - -423. What are the prime factors of s?
173
Let r = 1 + 1. Let p be (-2 - (-5)/r)*0. Suppose p*d - 2*d + 10 = 0. What are the prime factors of d?
5
Suppose -19*h + 16*h = -87. List the prime factors of h.
29
Let y = 1 + 2. Suppose -37 = -y*m - 4. Let s = m - 7. List the prime factors of s.
2
Let b(n) = 2*n**2 + 5*n - 2. Let o be b(-4). Suppose 0 = 4*k - 4*g - 4, 2*k - k - o = -2*g. List the prime factors of k.
2
Suppose -2*a - 2 = o, a + 3*a - o = -4. Let w(h) = 11*h**2 + h. Let l be w(a). Suppose -l = -5*b - 5*q, -3*q - 9 = 6. What are the prime factors of b?
7
Suppose -z = z - 84. List the prime factors of z.
2, 3, 7
Suppose 0 = 34*d - 33*d - 171. List the prime factors of d.
3, 19
Let f(w) = w**2 - 5*w - 2. What are the prime factors of f(9)?
2, 17
Let n be (16/(-6))/((-4)/6). Suppose -3*q = n + 17. List the prime factors of (0 - q/1) + 2.
3
Suppose -2*b = -5*b + 720. List the prime factors of b.
2, 3, 5
Let d(g) = g**3 + g + 8. Let o be d(0). Let f = o - 2. List the prime factors of ((-30)/(-9))/(f/9).
5
Suppose -k = y - 4, -y = 4*k - 2*y - 16. Suppose -80 = -0*h - k*h. List the p